{"id":3828,"date":"2023-06-06T14:09:23","date_gmt":"2023-06-06T14:09:23","guid":{"rendered":"https:\/\/moblesalmazan.com\/declaracio-d-accessibilitat\/"},"modified":"2024-08-29T08:45:25","modified_gmt":"2024-08-29T08:45:25","slug":"declaracio-d-accessibilitat","status":"publish","type":"page","link":"https:\/\/moblesalmazan.com\/ca\/declaracio-d-accessibilitat\/","title":{"rendered":"Declaraci\u00f3 d&#8217; accessibilitat"},"content":{"rendered":"\t\t<div data-elementor-type=\"wp-page\" data-elementor-id=\"3828\" class=\"elementor elementor-3828 elementor-1090\">\n\t\t\t\t\t\t<section class=\"elementor-section elementor-top-section elementor-element elementor-element-3f18b13e elementor-section-boxed elementor-section-height-default elementor-section-height-default\" data-id=\"3f18b13e\" data-element_type=\"section\">\n\t\t\t\t\t\t<div class=\"elementor-container elementor-column-gap-default\">\n\t\t\t\t\t<div class=\"elementor-column elementor-col-100 elementor-top-column elementor-element elementor-element-15dd5526\" data-id=\"15dd5526\" data-element_type=\"column\">\n\t\t\t<div class=\"elementor-widget-wrap elementor-element-populated\">\n\t\t\t\t\t\t<div class=\"elementor-element elementor-element-4de68752 elementor-widget elementor-widget-text-editor\" data-id=\"4de68752\" data-element_type=\"widget\" data-widget_type=\"text-editor.default\">\n\t\t\t\t<div class=\"elementor-widget-container\">\n\t\t\t\t\t\t\t\t\t<p>1951 DECORACION, S.L. t\u00e9 com a comprom\u00eds crear i publicar webs amb disseny universal i continguts accessibles per al major nom possible d&#8217;usuaris i usu\u00e0ries i apropar, aix\u00ed, la comunicaci\u00f3 municipal i l&#8217;\u00fas de les noves tecnologies a la ciutadania.<\/p>\n<p>Per realitzar aquest objectiu, aplica la normativa est\u00e0ndard WAI (Web Accessibility Initiative) adoptada per la Uni\u00f3 Europea. La finalitat \u00e9s que la majoria de webs de www.moblesalmazan.com compleixin les pautes d&#8217;accessibilitat del level AA definides per les normes WAI (WCAG 2.1).<\/p>\n<p>Aix\u00f2 significa que tant una persona amb algun tipus de discapacitat com qualsevol altra que es trobi en una circumst\u00e0ncia que dificulti l&#8217;acc\u00e9s a la informaci\u00f3 de la p\u00e0gina web podr\u00e0 accedir als continguts amb \u00e8xit.<\/p>\n<p>1951 DECORACION, S.L. s&#8217;ha comprom\u00e8s a fer accessibles els seus webs de conformitat amb el  <a href=\"https:\/\/www.boe.es\/boe_catalan\/dias\/2018\/09\/19\/pdfs\/BOE-A-2018-12699-C.pdf\">(en endavant Reial Decret 1112\/2018, de 7 de setembre). La majoria de les webs de la instituci\u00f3 s\u00f3n parcialment conformes amb la legislaci\u00f3 vigent i es treballa a diari per assolir lluny \u00f2ptims d&#8217;accessibilitat.  <\/a><\/p>\n<p>L&#8217; evoluci\u00f3 de les noves tecnologies de la informaci\u00f3, tant en format web com en format multidispositiu, permet que els continguts oferts a trav\u00e9s d&#8217; Internet siguin cada vegada m\u00e9s accessibles. 1951 DECORACION, S.L., en l\u00ednia amb el comprom\u00eds adquirit amb l&#8217;accessibilitat universal, ha considerat que la divulgaci\u00f3 de la informaci\u00f3 sobre l&#8217;accessibilitat web i de multidispositiu \u00e9s un servei important per a aquells usuaris i usuaris que necessitin una guia per accedir sense dificultat el web de www.moblesalmazan.com i per aquest motiu posa a disposici\u00f3 aquest lloc web amb resources que facilitin la navegaci\u00f3 per a totes les persones.<\/p>\t\t\t\t\t\t\t\t<\/div>\n\t\t\t\t<\/div>\n\t\t\t\t\t<\/div>\n\t\t<\/div>\n\t\t\t\t\t<\/div>\n\t\t<\/section>\n\t\t\t\t<\/div>\n\t\t","protected":false},"excerpt":{"rendered":"<p>1951 DECORACION, S.L. t\u00e9 com a comprom\u00eds crear i publicar webs amb disseny universal i continguts accessibles per al major nom possible d&#8217;usuaris i usu\u00e0ries i apropar, aix\u00ed, la comunicaci\u00f3 municipal i l&#8217;\u00fas de les noves tecnologies a la ciutadania. Per realitzar aquest objectiu, aplica la normativa est\u00e0ndard WAI (Web Accessibility Initiative) adoptada per la [&hellip;]<\/p>\n","protected":false},"author":1,"featured_media":0,"parent":0,"menu_order":0,"comment_status":"closed","ping_status":"open","template":"","meta":{"om_disable_all_campaigns":false,"_monsterinsights_skip_tracking":false,"_monsterinsights_sitenote_active":false,"_monsterinsights_sitenote_note":"","_monsterinsights_sitenote_category":0,"footnotes":""},"class_list":["post-3828","page","type-page","status-publish","hentry"],"aioseo_notices":[],"_links":{"self":[{"href":"https:\/\/moblesalmazan.com\/ca\/wp-json\/wp\/v2\/pages\/3828","targetHints":{"allow":["GET"]}}],"collection":[{"href":"https:\/\/moblesalmazan.com\/ca\/wp-json\/wp\/v2\/pages"}],"about":[{"href":"https:\/\/moblesalmazan.com\/ca\/wp-json\/wp\/v2\/types\/page"}],"author":[{"embeddable":true,"href":"https:\/\/moblesalmazan.com\/ca\/wp-json\/wp\/v2\/users\/1"}],"replies":[{"embeddable":true,"href":"https:\/\/moblesalmazan.com\/ca\/wp-json\/wp\/v2\/comments?post=3828"}],"version-history":[{"count":2,"href":"https:\/\/moblesalmazan.com\/ca\/wp-json\/wp\/v2\/pages\/3828\/revisions"}],"predecessor-version":[{"id":3833,"href":"https:\/\/moblesalmazan.com\/ca\/wp-json\/wp\/v2\/pages\/3828\/revisions\/3833"}],"wp:attachment":[{"href":"https:\/\/moblesalmazan.com\/ca\/wp-json\/wp\/v2\/media?parent=3828"}],"curies":[{"name":"wp","href":"https:\/\/api.w.org\/{rel}","templated":true}]}}

Declaració d&#8217; accessibilitat

<div data-elementor-type="wp-page" data-elementor-id="3828" class="elementor elementor-3828 elementor-1090">
						<section class="elementor-section elementor-top-section elementor-element elementor-element-3f18b13e elementor-section-boxed elementor-section-height-default elementor-section-height-default" data-id="3f18b13e" data-element_type="section">
						<div class="elementor-container elementor-column-gap-default">
					<div class="elementor-column elementor-col-100 elementor-top-column elementor-element elementor-element-15dd5526" data-id="15dd5526" data-element_type="column">
			<div class="elementor-widget-wrap elementor-element-populated">
						<div class="elementor-element elementor-element-4de68752 elementor-widget elementor-widget-text-editor" data-id="4de68752" data-element_type="widget" data-widget_type="text-editor.default">
				<div class="elementor-widget-container">
									<p>1951 DECORACION, S.L. té com a compromís crear i publicar webs amb disseny universal i continguts accessibles per al major nom possible d&#8217;usuaris i usuàries i apropar, així, la comunicació municipal i l&#8217;ús de les noves tecnologies a la ciutadania.</p>
<p>Per realitzar aquest objectiu, aplica la normativa estàndard WAI (Web Accessibility Initiative) adoptada per la Unió Europea. La finalitat és que la majoria de webs de www.moblesalmazan.com compleixin les pautes d&#8217;accessibilitat del level AA definides per les normes WAI (WCAG 2.1).</p>
<p>Això significa que tant una persona amb algun tipus de discapacitat com qualsevol altra que es trobi en una circumstància que dificulti l&#8217;accés a la informació de la pàgina web podrà accedir als continguts amb èxit.</p>
<p>1951 DECORACION, S.L. s&#8217;ha compromès a fer accessibles els seus webs de conformitat amb el  <a href="https://www.boe.es/boe_catalan/dias/2018/09/19/pdfs/BOE-A-2018-12699-C.pdf">(en endavant Reial Decret 1112/2018, de 7 de setembre). La majoria de les webs de la institució són parcialment conformes amb la legislació vigent i es treballa a diari per assolir lluny òptims d&#8217;accessibilitat.  </a></p>
<p>L&#8217; evolució de les noves tecnologies de la informació, tant en format web com en format multidispositiu, permet que els continguts oferts a través d&#8217; Internet siguin cada vegada més accessibles. 1951 DECORACION, S.L., en línia amb el compromís adquirit amb l&#8217;accessibilitat universal, ha considerat que la divulgació de la informació sobre l&#8217;accessibilitat web i de multidispositiu és un servei important per a aquells usuaris i usuaris que necessitin una guia per accedir sense dificultat el web de www.moblesalmazan.com i per aquest motiu posa a disposició aquest lloc web amb resources que facilitin la navegació per a totes les persones.</p>								</div>
				</div>
					</div>
		</div>
					</div>
		</section>
				</div>

<p>1951 DECORACION, S.L. té com a compromís crear i publicar webs amb disseny universal i continguts accessibles per al major nom possible d&#8217;usuaris i usuàries i apropar, així, la comunicació municipal i l&#8217;ús de les noves tecnologies a la ciutadania. Per realitzar aquest objectiu, aplica la normativa estàndard WAI (Web Accessibility Initiative) adoptada per la [&hellip;]</p>
